{"id":235,"date":"2025-09-19T21:04:48","date_gmt":"2025-09-19T21:04:48","guid":{"rendered":"http:\/\/3615chm.com\/?page_id=235"},"modified":"2025-11-10T12:20:26","modified_gmt":"2025-11-10T12:20:26","slug":"ffn","status":"publish","type":"page","link":"https:\/\/3615chm.com\/index.php\/ffn\/","title":{"rendered":"F\u00e9d\u00e9ration Fran\u00e7aise de Naturisme"},"content":{"rendered":"\n<div class=\"wp-block-group alignfull is-layout-constrained wp-container-core-group-is-layout-a93d0d1d wp-block-group-is-layout-constrained\" style=\"padding-top:var(--wp--preset--spacing--40);padding-right:var(--wp--preset--spacing--30);padding-bottom:var(--wp--preset--spacing--40);padding-left:var(--wp--preset--spacing--30)\">\n<div class=\"wp-block-group alignwide is-vertical is-content-justification-center is-layout-flex wp-container-core-group-is-layout-9a7cdcfd wp-block-group-is-layout-flex\"><h1 class=\"has-link-color wp-elements-9728cce79011b64628d7f6beff066787 wp-block-site-title has-text-color has-contrast-color has-large-font-size\"><a href=\"https:\/\/3615chm.com\" target=\"_self\" rel=\"home\">3615 CHM<\/a><\/h1>\n\n<nav class=\"is-responsive items-justified-center wp-block-navigation is-content-justification-center is-layout-flex wp-container-core-navigation-is-layout-b636cbb1 wp-block-navigation-is-layout-flex\" aria-label=\"Navigation\" \n\t\t data-wp-interactive=\"core\/navigation\" data-wp-context='{\"overlayOpenedBy\":{\"click\":false,\"hover\":false,\"focus\":false},\"type\":\"overlay\",\"roleAttribute\":\"\",\"ariaLabel\":\"Menu\"}'><button aria-haspopup=\"dialog\" aria-label=\"Open menu\" class=\"wp-block-navigation__responsive-container-open\" \n\t\t\t\tdata-wp-on--click=\"actions.openMenuOnClick\"\n\t\t\t\tdata-wp-on--keydown=\"actions.handleMenuKeydown\"\n\t\t\t><svg width=\"24\" height=\"24\" xmlns=\"http:\/\/www.w3.org\/2000\/svg\" viewBox=\"0 0 24 24\" aria-hidden=\"true\" focusable=\"false\"><path d=\"M4 7.5h16v1.5H4z\"><\/path><path d=\"M4 15h16v1.5H4z\"><\/path><\/svg><\/button>\n\t\t\t\t<div class=\"wp-block-navigation__responsive-container\"  id=\"modal-1\" \n\t\t\t\tdata-wp-class--has-modal-open=\"state.isMenuOpen\"\n\t\t\t\tdata-wp-class--is-menu-open=\"state.isMenuOpen\"\n\t\t\t\tdata-wp-watch=\"callbacks.initMenu\"\n\t\t\t\tdata-wp-on--keydown=\"actions.handleMenuKeydown\"\n\t\t\t\tdata-wp-on--focusout=\"actions.handleMenuFocusout\"\n\t\t\t\ttabindex=\"-1\"\n\t\t\t>\n\t\t\t\t\t<div class=\"wp-block-navigation__responsive-close\" tabindex=\"-1\">\n\t\t\t\t\t\t<div class=\"wp-block-navigation__responsive-dialog\" \n\t\t\t\tdata-wp-bind--aria-modal=\"state.ariaModal\"\n\t\t\t\tdata-wp-bind--aria-label=\"state.ariaLabel\"\n\t\t\t\tdata-wp-bind--role=\"state.roleAttribute\"\n\t\t\t>\n\t\t\t\t\t\t\t<button aria-label=\"Close menu\" class=\"wp-block-navigation__responsive-container-close\" \n\t\t\t\tdata-wp-on--click=\"actions.closeMenuOnClick\"\n\t\t\t><svg xmlns=\"http:\/\/www.w3.org\/2000\/svg\" viewBox=\"0 0 24 24\" width=\"24\" height=\"24\" aria-hidden=\"true\" focusable=\"false\"><path d=\"m13.06 12 6.47-6.47-1.06-1.06L12 10.94 5.53 4.47 4.47 5.53 10.94 12l-6.47 6.47 1.06 1.06L12 13.06l6.47 6.47 1.06-1.06L13.06 12Z\"><\/path><\/svg><\/button>\n\t\t\t\t\t\t\t<div class=\"wp-block-navigation__responsive-container-content\" \n\t\t\t\tdata-wp-watch=\"callbacks.focusFirstElement\"\n\t\t\t id=\"modal-1-content\">\n\t\t\t\t\t\t\t\t<ul class=\"wp-block-navigation__container is-responsive items-justified-center wp-block-navigation\"><li class=\" wp-block-navigation-item wp-block-navigation-link\"><a class=\"wp-block-navigation-item__content\"  href=\"http:\/\/3615chm.com\/\"><span class=\"wp-block-navigation-item__label\">Home<\/span><\/a><\/li><\/ul>\n\t\t\t\t\t\t\t<\/div>\n\t\t\t\t\t\t<\/div>\n\t\t\t\t\t<\/div>\n\t\t\t\t<\/div><\/nav><\/div>\n<\/div>\n\n\n\n<div class=\"wp-block-group alignfull is-content-justification-center is-layout-constrained wp-block-group-is-layout-constrained\" style=\"margin-top:0;margin-bottom:0\">\n<div style=\"height:var(--wp--preset--spacing--20)\" aria-hidden=\"true\" class=\"wp-block-spacer\"><\/div>\n\n\n\n<div class=\"wp-block-group alignwide is-layout-flow wp-block-group-is-layout-flow\">\n<div class=\"wp-block-columns alignwide are-vertically-aligned-top is-layout-flex wp-container-core-columns-is-layout-ac3ebc3b wp-block-columns-is-layout-flex\">\n<div class=\"wp-block-column is-vertically-aligned-top is-content-justification-left is-layout-constrained wp-container-core-column-is-layout-02d07192 wp-block-column-is-layout-constrained\">\n<h2 class=\"wp-block-heading\">F\u00c9D\u00c9RATION FRAN\u00c7AISE DE NATURISME.<\/h2>\n<\/div>\n\n\n\n<div class=\"wp-block-column is-vertically-aligned-top is-layout-flow wp-block-column-is-layout-flow\" style=\"flex-basis:40%\">\n<p>Soutenez la f\u00e9d\u00e9ration et pratiquez le naturisme en toute s\u00e9r\u00e9nit\u00e9, soyez licenci\u00e9(e) aupr\u00e8s de la F\u00e9d\u00e9ration Fran\u00e7aise de Naturisme en cliquant sur le lien.<\/p>\n\n\n\n<div class=\"wp-block-buttons is-layout-flex wp-block-buttons-is-layout-flex\">\n<div class=\"wp-block-button\"><a class=\"wp-block-button__link wp-element-button\" href=\"https:\/\/ffn-naturisme.com\/boutique\/produit\/licence-2025\/\" target=\"_blank\" rel=\"noreferrer noopener\">ADH\u00c9SION<\/a><\/div>\n<\/div>\n<\/div>\n<\/div>\n\n\n\n<div style=\"height:var(--wp--preset--spacing--20)\" aria-hidden=\"true\" class=\"wp-block-spacer\"><\/div>\n\n\n\n<figure class=\"wp-block-image size-full\"><img loading=\"lazy\" decoding=\"async\" width=\"810\" height=\"1132\" src=\"https:\/\/3615chm.com\/wp-content\/uploads\/2025\/09\/Histoire.jpeg\" alt=\"\" class=\"wp-image-95\" style=\"aspect-ratio:3\/4;object-fit:cover\" srcset=\"https:\/\/3615chm.com\/wp-content\/uploads\/2025\/09\/Histoire.jpeg 810w, https:\/\/3615chm.com\/wp-content\/uploads\/2025\/09\/Histoire-600x839.jpeg 600w, https:\/\/3615chm.com\/wp-content\/uploads\/2025\/09\/Histoire-215x300.jpeg 215w, https:\/\/3615chm.com\/wp-content\/uploads\/2025\/09\/Histoire-733x1024.jpeg 733w, https:\/\/3615chm.com\/wp-content\/uploads\/2025\/09\/Histoire-768x1073.jpeg 768w\" sizes=\"auto, (max-width: 810px) 100vw, 810px\" \/><\/figure>\n<\/div>\n\n\n\n<div style=\"height:var(--wp--preset--spacing--20)\" aria-hidden=\"true\" class=\"wp-block-spacer\"><\/div>\n\n\n\n<p class=\"has-midsmall-font-size\">La&nbsp;F\u00e9d\u00e9ration fran\u00e7aise de naturisme&nbsp;(FFN) est une&nbsp;association \u00e0 but non lucratif ayant pour objet la promotion du&nbsp;naturisme&nbsp;en&nbsp;France. Adh\u00e9rente depuis&nbsp;1953&nbsp;\u00e0 la&nbsp;F\u00e9d\u00e9ration naturiste internationale, elle a obtenu en&nbsp;1983&nbsp;la reconnaissance minist\u00e9rielle (Jeunesse et Sports) de&nbsp;mouvement de jeunesse et d&#8217;\u00e9ducation populaire, mais l\u2019a perdue en 2004&nbsp;pour des&nbsp;motifs multiples.<\/p>\n\n\n\n<p class=\"has-midsmall-font-size\">La F\u00e9d\u00e9ration fran\u00e7aise de naturisme (FFN), cr\u00e9\u00e9e en 1950 par Albert et Christiane LECOCQ, regroupe aujourd\u2019hui 160 associations et 85 centres de vacances r\u00e9partis sur le territoire fran\u00e7ais (M\u00e9tropole, Corse, DOM-TOM).&nbsp;<\/p>\n\n\n\n<p class=\"has-midsmall-font-size\">Pour pouvoir acc\u00e9der \u00e0 certains espaces naturistes (club ou centre), il faut poss\u00e9der une licence naturiste. Cette licence, peut \u00eatre d\u00e9livr\u00e9e directement par la F\u00e9d\u00e9ration, ou par l\u2019interm\u00e9diaire d\u2019un club associatif ou d\u2019un&nbsp;centre de vacances naturiste:<\/p>\n\n\n\n<ul class=\"wp-block-list\">\n<li class=\"has-midsmall-font-size\">pour la F\u00e9d\u00e9ration, un moyen de la soutenir dans son travail de reconnaissance aupr\u00e8s des pouvoirs publics&nbsp;;<\/li>\n\n\n\n<li class=\"has-midsmall-font-size\">pour son d\u00e9tenteur, un laissez-passer qui permet d\u2019acc\u00e9der \u00e0 tous les espaces naturistes homologu\u00e9s par la F\u00e9d\u00e9ration&nbsp;;<\/li>\n\n\n\n<li class=\"has-midsmall-font-size\">pour les usagers, une garantie de s\u00e9curit\u00e9.<\/li>\n<\/ul>\n\n\n\n<p class=\"has-midsmall-font-size\"><strong>Les origines<\/strong><\/p>\n\n\n\n<p class=\"has-midsmall-font-size\">Le&nbsp;naturisme&nbsp;trouve en France ses origines dans les&nbsp;ann\u00e9es 1920, sous l\u2019impulsion de m\u00e9decins hygi\u00e9nistes et des adh\u00e9rents \u00e0 cet esprit pr\u00e9curseur d\u2019un mode de vie plus sain. Dans les&nbsp;ann\u00e9es 1940, sous l\u2019impulsion d\u2019Albert Lecocq&nbsp;et de sa femme Christiane, le naturisme s\u2019ouvre socialement. La nudit\u00e9 en est une des composantes essentielles.<\/p>\n\n\n\n<p class=\"has-midsmall-font-size\">Une r\u00e9union pr\u00e9paratoire du 28 octobre 1948 regroupe neuf associations, tandis que la r\u00e9union constitutive du 9 d\u00e9cembre en rassemble 16. Les statuts de la F\u00e9d\u00e9ration fran\u00e7aise de naturisme (FFN) sont finalement d\u00e9pos\u00e9s en f\u00e9vrier 1950.<\/p>\n\n\n\n<p class=\"has-midsmall-font-size\">En 1964, la FFN compte 14&nbsp;336 licenci\u00e9s (adh\u00e9rents), avec 70 centres et 3&nbsp;000 hectares de terrains am\u00e9nag\u00e9s, puis 150 clubs et 20&nbsp;000 licenci\u00e9s l&#8217;ann\u00e9e suivante.<\/p>\n\n\n\n<p class=\"has-midsmall-font-size\"><strong>Le tournant des ann\u00e9es 1980<\/strong><\/p>\n\n\n\n<p class=\"has-midsmall-font-size\">Le mouvement naturiste fran\u00e7ais, fort de ses 85&nbsp;130 adh\u00e9rents, soit plus de 100&nbsp;000 personnes en comptant les enfants, est reconnu en 1983&nbsp;<em>Mouvement de Jeunesse et d\u2019\u00c9ducation populaire<\/em>&nbsp;par le minist\u00e8re de la Jeunesse et des Sports. La vie sociale de certains fut simplifi\u00e9e, le naturisme \u00e9tant banalis\u00e9, les probl\u00e8mes professionnels inh\u00e9rents disparurent. La FFN formait alors ses propres cadres par des&nbsp;BAFA&nbsp;sp\u00e9cialis\u00e9s \u00ab&nbsp;naturistes&nbsp;\u00bb et mettait en place sa section Jeunes ALIZE. Ceux-ci animaient les activit\u00e9s des jeunes dans les r\u00e9gions, mais \u00e9galement les activit\u00e9s d\u2019\u00e9t\u00e9 des jeunes enfants des centres de vacances. Une tourn\u00e9e spectacle annuelle existait \u00e9galement.<\/p>\n\n\n\n<p class=\"has-midsmall-font-size\">La FFN signe une convention d\u2019objectifs avec le minist\u00e8re du Tourisme en 1986 et adh\u00e8re \u00e0 \u00ab&nbsp;Maison de la France&nbsp;\u00bb tandis que la Maison du naturisme ouvre \u00e0 Paris en 1993.<\/p>\n\n\n\n<p class=\"has-midsmall-font-size\"><strong>Le d\u00e9clin du d\u00e9but du&nbsp;XXI<\/strong><sup>e<\/sup><strong>&nbsp;si\u00e8cle<\/strong><\/p>\n\n\n\n<p class=\"has-midsmall-font-size\">Des centres de vacances naturistes cessent d\u2019exiger, \u00e0 compter de 2002, la licence de la FFN. En l\u2019espace d\u2019une ann\u00e9e, la FFN perd alors pr\u00e8s d\u2019un tiers de ses adh\u00e9rents, son effectif passant de 78&nbsp;000 \u00e0 45&nbsp;000. Le nombre d\u2019adh\u00e9rents tombe sous la barre symbolique des 30&nbsp;000 en 2003.<\/p>\n\n\n\n<p class=\"has-midsmall-font-size\">En cons\u00e9quence de cette perte de repr\u00e9sentativit\u00e9, la FFN perd son&nbsp;agr\u00e9ment de jeunesse et d\u2019\u00e9ducation populaire&nbsp;en 2004.<\/p>\n\n\n\n<p class=\"has-midsmall-font-size\">Apr\u00e8s avoir atteint un point bas cette m\u00eame ann\u00e9e 2004 avec 22&nbsp;000 adh\u00e9rents, la f\u00e9d\u00e9ration voit ce chiffre progressivement remonter au cours des ann\u00e9es 2010, avec 38 000 licenci\u00e9s en 2014.<\/p>\n<\/div>\n\n\n\n<div class=\"wp-block-group has-two-color has-one-background-color has-text-color has-background has-link-color wp-elements-1959ab21aa9ead2a90ec7d27331ea923 is-layout-constrained wp-container-core-group-is-layout-96c32d2f wp-block-group-is-layout-constrained\" style=\"padding-top:3vw;padding-right:2vw;padding-bottom:2vw;padding-left:2vw\">\n<div class=\"wp-block-columns is-layout-flex wp-container-core-columns-is-layout-9d6595d7 wp-block-columns-is-layout-flex\">\n<div class=\"wp-block-column is-layout-flow wp-block-column-is-layout-flow\">\n<h3 class=\"wp-block-heading has-three-color has-text-color has-large-font-size\">3615 CHM<\/h3>\n\n\n\n<h4 class=\"wp-block-heading has-medium-font-size\" style=\"font-style:normal;font-weight:500\">L&#8217;essentiel de notre paradis<\/h4>\n<\/div>\n\n\n\n<div class=\"wp-block-column is-layout-flow wp-block-column-is-layout-flow\"><\/div>\n<\/div>\n\n\n\n<div style=\"height:2vw\" aria-hidden=\"true\" class=\"wp-block-spacer\"><\/div>\n\n\n\n<div class=\"wp-block-columns is-layout-flex wp-container-core-columns-is-layout-9d6595d7 wp-block-columns-is-layout-flex\">\n<div class=\"wp-block-column is-vertically-aligned-center is-layout-flow wp-block-column-is-layout-flow\" style=\"padding-top:0px;padding-right:0px;padding-bottom:0px;padding-left:0px;flex-basis:25%\">\n<h4 class=\"wp-block-heading has-three-color has-text-color has-medium-font-size\" style=\"margin-top:0%;text-transform:uppercase\">HORAIRES<\/h4>\n\n\n\n<h4 class=\"wp-block-heading has-midsmall-font-size\" style=\"font-style:normal;font-weight:600\">Toute l&#8217;ann\u00e9e<\/h4>\n<\/div>\n\n\n\n<div class=\"wp-block-column is-vertically-aligned-center is-layout-flow wp-block-column-is-layout-flow\" style=\"padding-top:0px;padding-right:0px;padding-bottom:0px;padding-left:0px;flex-basis:25%\">\n<h4 class=\"wp-block-heading has-three-color has-text-color has-medium-font-size\" style=\"margin-top:0%;text-transform:uppercase\">CONTACT<\/h4>\n\n\n\n<h4 class=\"wp-block-heading has-midsmall-font-size\" style=\"font-style:normal;font-weight:600\">contact@3615chm.com<\/h4>\n<\/div>\n\n\n\n<div class=\"wp-block-column is-vertically-aligned-center is-layout-flow wp-block-column-is-layout-flow\" style=\"padding-top:0px;padding-right:0px;padding-bottom:0px;padding-left:0px;flex-basis:25%\">\n<h4 class=\"wp-block-heading has-three-color has-text-color has-medium-font-size\" style=\"margin-top:0%;text-transform:uppercase\">Adresse<\/h4>\n\n\n\n<h4 class=\"wp-block-heading has-midsmall-font-size\" style=\"font-style:normal;font-weight:600\">Monta<\/h4>\n<\/div>\n\n\n\n<div class=\"wp-block-column is-vertically-aligned-center is-layout-flow wp-block-column-is-layout-flow\" style=\"padding-top:0px;padding-right:0px;padding-bottom:0px;padding-left:0px;flex-basis:25%\">\n<h4 class=\"wp-block-heading has-three-color has-text-color has-medium-font-size\" style=\"margin-top:0%;text-transform:uppercase\">Socials<\/h4>\n\n\n\n<h4 class=\"wp-block-heading has-midsmall-font-size\" style=\"font-style:normal;font-weight:600\"><a href=\"https:\/\/www.facebook.com\/profile.php?id=61576324550484\" data-type=\"link\" data-id=\"https:\/\/www.facebook.com\/profile.php?id=61576324550484\" target=\"_blank\" rel=\"noreferrer noopener\">Facebook<\/a><\/h4>\n\n\n\n<h4 class=\"wp-block-heading has-midsmall-font-size\" style=\"margin-bottom:10%;font-style:normal;font-weight:600\"><a href=\"https:\/\/www.instagram.com\/3615.chm\/\" target=\"_blank\" rel=\"noreferrer noopener\">Instagram<\/a><\/h4>\n<\/div>\n<\/div>\n<\/div>\n","protected":false},"excerpt":{"rendered":"<p>F\u00c9D\u00c9RATION FRAN\u00c7AISE DE NATURISME. Soutenez la f\u00e9d\u00e9ration et pratiquez le naturisme en toute s\u00e9r\u00e9nit\u00e9, soyez licenci\u00e9(e) aupr\u00e8s de la F\u00e9d\u00e9ration Fran\u00e7aise de Naturisme en cliquant sur le lien. La&nbsp;F\u00e9d\u00e9ration fran\u00e7aise&#8230;<\/p>\n","protected":false},"author":1,"featured_media":0,"parent":0,"menu_order":0,"comment_status":"closed","ping_status":"closed","template":"blank","meta":{"footnotes":""},"class_list":["post-235","page","type-page","status-publish"],"_links":{"self":[{"href":"https:\/\/3615chm.com\/index.php\/wp-json\/wp\/v2\/pages\/235","targetHints":{"allow":["GET"]}}],"collection":[{"href":"https:\/\/3615chm.com\/index.php\/wp-json\/wp\/v2\/pages"}],"about":[{"href":"https:\/\/3615chm.com\/index.php\/wp-json\/wp\/v2\/types\/page"}],"author":[{"embeddable":true,"href":"https:\/\/3615chm.com\/index.php\/wp-json\/wp\/v2\/users\/1"}],"replies":[{"embeddable":true,"href":"https:\/\/3615chm.com\/index.php\/wp-json\/wp\/v2\/comments?post=235"}],"version-history":[{"count":24,"href":"https:\/\/3615chm.com\/index.php\/wp-json\/wp\/v2\/pages\/235\/revisions"}],"predecessor-version":[{"id":491,"href":"https:\/\/3615chm.com\/index.php\/wp-json\/wp\/v2\/pages\/235\/revisions\/491"}],"wp:attachment":[{"href":"https:\/\/3615chm.com\/index.php\/wp-json\/wp\/v2\/media?parent=235"}],"curies":[{"name":"wp","href":"https:\/\/api.w.org\/{rel}","templated":true}]}}